{"id":2,"date":"2024-02-10T13:38:02","date_gmt":"2024-02-10T12:38:02","guid":{"rendered":"https:\/\/www.vilagmagyarsaga.hu\/?page_id=2"},"modified":"2025-01-12T22:14:06","modified_gmt":"2025-01-12T21:14:06","slug":"ez-egy-minta-oldal","status":"publish","type":"page","link":"https:\/\/www.vilagmagyarsaga.hu\/?page_id=2","title":{"rendered":"\u00c1RV\u00c1LTOZ\u00c1S !"},"content":{"rendered":"\n<p><strong>Kedves El\u0151fizet\u0151nk!<\/strong> K\u00f6sz\u00f6nj\u00fck, hogy az \u00faj esztend\u0151ben is h\u0171s\u00e9ges maradt a Vil\u00e1g Magyars\u00e1g\u00e1hoz.<br>Bizony\u00e1ra \u00e9rtes\u00fclt r\u00f3la, hogy az idei \u00e9vben \u00e1rat emelt valamennyi szolg\u00e1ltat\u00f3.<br>Igy az al\u00e1bbiak szerint m\u00f3dosultak az el\u0151fizet\u00e9si d\u00edjak:<br><br><strong>n.\u00e9vre\u00a0 Ft. f.\u00e9vre 13200 Ft. egy \u00e9vre 26400 Ft.<br><br><\/strong>Az idei \u00e9vt\u0151l csekket nem k\u00fcld\u00fcnk, mivel a Posta az MBH bankkal egy\u00fcttm\u0171k\u00f6d\u00e9si<br>meg\u00e1llapod\u00e1st k\u00f6t\u00f6tt, ez\u00e9rt semmi m\u00e1st nem kell tennie, ha nem tud otthonr\u00f3l, a<br>foly\u00f3sz\u00e1ml\u00e1j\u00e1r\u00f3l utalni, akkor b\u00e1rmelyik Postahivatalba bemegy \u00e9s bemegy \u00e9s bemutatja az<br>\u00fajs\u00e1g banksz\u00e1mla sz\u00e1m\u00e1t \u00e9s d\u00edjmentesen lehet r\u00e1 utalni a sz\u00fcks\u00e9ges \u00f6sszeget.<br>K\u00e9rem, ne feledkezzen meg minden alkalommal a nev\u00e9t es a postai c\u00edmet meg\u00edrni a<br>k\u00f6zlem\u00e9ny rovatban, mert akkor nem tudjuk, ki az el\u0151fizet\u0151. Ez\u00faton k\u00e9rn\u00e9m annak a<br>kedves Olvas\u00f3nknak a jelentkez\u00e9s\u00e9t, aki janu\u00e1r 2-\u00e1n bankon kereszt\u00fcl utalja el az<br>el\u0151fizet\u0151i d\u00edjat, mert lemaradt a neve \u00e9s nem tudom, ki \u0150. \u00d6sszeget sz\u00e1nd\u00e9kosan<br>nem \u00edrok, mert ezzel tudja azonos\u00edtani mag\u00e1t.<br>\u00a0 K\u00e9rem tov\u00e1bb\u00e1, hogy lehet\u0151leg id\u0151ben fizess\u00e9k be a sz\u00fcks\u00e9ges \u00f6sszeg\u00e9t, mert<br>minden \u00e9vben tetemes \u00f6sszeget fizet\u00fcnk a k\u00e9sedelmi d\u00edjak\u00e9rt, miut\u00e1n a sz\u00e1ml\u00e1kat<br>nem tudjuk hat\u00e1rid\u0151re kiegyenl\u00edteni.<br><br>Az el\u0151fizet\u00e9st az al\u00e1bbiak szerint utalhatj\u00e1k post\u00e1n vagy otthon,<br>a banksz\u00e1mla sz\u00e1mukr\u00f3l:<br><br><strong>MHB bank \u2013 Rozgics M\u00e1ria 10300002-10694646-49010015<\/strong><\/p>\n\n\n\n<p><strong><br><\/strong>Rem\u00e9lj\u00fck, az idei \u00e9vben sem fogunk csal\u00f3d\u00e1st okozni.<br>V\u00e9lem\u00e9ny\u00e9t, mondand\u00f3j\u00e1t, \u00fajs\u00e1gban megjelentetni sz\u00e1nd\u00e9koz\u00f3 Olvas\u00f3i<br>Level\u00e9t sz\u00edvesen fogadjuk.<br>Lapunk fennmarad\u00e1sa \u00e9rdek\u00e9ben t\u00e1mogat\u00e1st is k\u00f6sz\u00f6nettel elfogadunk.<br><br>Szeretettel: <strong>Rozgics M\u00e1ria<\/strong><br><\/p>\n","protected":false},"excerpt":{"rendered":"<p>Kedves El\u0151fizet\u0151nk! K\u00f6sz\u00f6nj\u00fck, hogy az \u00faj esztend\u0151ben is h\u0171s\u00e9ges maradt a Vil\u00e1g Magyars\u00e1g\u00e1hoz.Bizony\u00e1ra \u00e9rtes\u00fclt r\u00f3la, hogy az idei \u00e9vben \u00e1rat emelt valamennyi szolg\u00e1ltat\u00f3.Igy az al\u00e1bbiak szerint m\u00f3dosultak az el\u0151fizet\u00e9si d\u00edjak: n.\u00e9vre\u00a0 Ft. f.\u00e9vre 13200 Ft. egy \u00e9vre 26400 Ft. Az idei \u00e9vt\u0151l csekket nem k\u00fcld\u00fcnk, mivel a Posta az MBH bankkal egy\u00fcttm\u0171k\u00f6d\u00e9simeg\u00e1llapod\u00e1st k\u00f6t\u00f6tt, ez\u00e9rt semmi [&hellip;]<\/p>\n","protected":false},"author":1,"featured_media":0,"parent":0,"menu_order":3,"comment_status":"closed","ping_status":"closed","template":"","meta":{"footnotes":""},"class_list":["post-2","page","type-page","status-publish","hentry"],"aioseo_notices":[],"_links":{"self":[{"href":"https:\/\/www.vilagmagyarsaga.hu\/index.php?rest_route=\/wp\/v2\/pages\/2","targetHints":{"allow":["GET"]}}],"collection":[{"href":"https:\/\/www.vilagmagyarsaga.hu\/index.php?rest_route=\/wp\/v2\/pages"}],"about":[{"href":"https:\/\/www.vilagmagyarsaga.hu\/index.php?rest_route=\/wp\/v2\/types\/page"}],"author":[{"embeddable":true,"href":"https:\/\/www.vilagmagyarsaga.hu\/index.php?rest_route=\/wp\/v2\/users\/1"}],"replies":[{"embeddable":true,"href":"https:\/\/www.vilagmagyarsaga.hu\/index.php?rest_route=%2Fwp%2Fv2%2Fcomments&post=2"}],"version-history":[{"count":5,"href":"https:\/\/www.vilagmagyarsaga.hu\/index.php?rest_route=\/wp\/v2\/pages\/2\/revisions"}],"predecessor-version":[{"id":908,"href":"https:\/\/www.vilagmagyarsaga.hu\/index.php?rest_route=\/wp\/v2\/pages\/2\/revisions\/908"}],"wp:attachment":[{"href":"https:\/\/www.vilagmagyarsaga.hu\/index.php?rest_route=%2Fwp%2Fv2%2Fmedia&parent=2"}],"curies":[{"name":"wp","href":"https:\/\/api.w.org\/{rel}","templated":true}]}}